r of w and 323?
19
Let v = -303 - -839. Let b = -293 + v. Calculate the highest common factor of b and 9.
9
Let w be ((-6)/4)/(-3)*4. Suppose -2*p - 3 = -w*l + 19, -58 = -5*l + 2*p. Let m = 77357 - 77351. What is the greatest common factor of l and m?
6
Suppose 38 = 3*s - 4*p, -25*s - 74 = -28*s - 5*p. Let x be 626/s - 2 - (-12)/54. Calculate the greatest common factor of 1 and x.
1
Let r = -79 + 90. Let m be ((-11)/(-3)*30/5)/1. What is the greatest common factor of r and m?
11
Let m(u) = 3*u - 2. Let x be 4/8 + 12/8. Let l be m(x). Suppose -4*y + 2*c = -106, -5*c = -l*y + 21 + 88. What is the greatest common factor of 26 and y?
26
Suppose -i + 3*i + z = 81, -5*z = -25. Let t = i - 8. Suppose t*s - 25*s = 30. Calculate the highest common divisor of 24 and s.
6
Suppose -2*a + 6*a = 4. Suppose 2 = f - 3*z, 2*z - a = 9. Calculate the highest common factor of f and 119.
17
Let w(x) = x**3 - 16*x**2 - 66*x + 70. Let c be w(21). What is the highest common factor of c and 127?
127
Suppose -4*u = 5*p + 28, -4*p = -u + 2*u - 4. Let h be (-1)/((-2)/u*-2). Calculate the greatest common factor of h and 4.
1
Suppose 0 = -2*j - x - x + 58, 0 = -3*j - x + 83. Suppose -5*d + 7425 = 6*d. Calculate the greatest common factor of j and d.
27
Let l = 46785 + -46763. Calculate the greatest common factor of l and 35794.
22
Suppose 8*g = -u + 149, 948 + 17 = 5*u - 4*g. Calculate the greatest common divisor of u and 405.
27
Let k be -8 + (2 - 13/(-2)) - 1633/(-2). Calculate the highest common divisor of k and 1204.
43
Let m = -27 - -103. Let l(w) = 35*w + 301. Let h be l(-7). Let p = m - h. Calculate the greatest common divisor of p and 200.
20
Let r be 478 - (8/2 + 9). Calculate the greatest common factor of r and 93.
93
Let b = -208 - -208. Suppose b = 14*l - 19*l + 540. Calculate the highest common factor of l and 24.
12
Let g be (72/20)/(3/100). Let k be (4 + -1)*g/18. Let m be 22 - (3/2)/((-15)/k). Calculate the greatest common divisor of 192 and m.
24
Let t(n) = 3*n**3 + 2*n**2 + 3*n - 1. Let o be t(2). Suppose 7*s - 33 = o. Calculate the greatest common factor of s and 50.
10
Let j = 2023 - 1967. Calculate the greatest common divisor of 184 and j.
8
Suppose -71*s = -72*s - k + 7, 0 = 3*s - k + 3. Suppose -c + g + 13 = -6*c, 4*g = 2*c + 14. Let f = 1 - c. Calculate the greatest common divisor of s and f.
1
Let m be ((-114)/(-4))/(36/24). Let u be 8/(2/m + (-136)/2736). What is the greatest common divisor of 64 and u?
16
Let a(i) = -70*i - 546. Let v be a(-44). What is the greatest common divisor of 42 and v?
14
Let f(d) = 67 + 39*d + 5*d - 231 - 2*d. Let l be f(6). Calculate the greatest common factor of 22 and l.
22
Let p = 226 - 98. Let f = p + -72. Suppose -3*x + 66 = 5*t, -5*x = 4*t - x - f. What is the greatest common divisor of t and 28?
4
Let d(y) = 41 + 2*y - 10*y + 2*y. Let z be d(6). Suppose -439 = -z*r + 26. What is the highest common divisor of 62 and r?
31
Let r(o) = -o**2 + 3*o + 4. Let z be r(4). Suppose z = -31*l + 36*l - 185. Let s be (-2)/2*1*-74. What is the highest common divisor of s and l?
37
Suppose 20 = 11*p - 21*p. Let j be (0 - (-4182)/18) + p/6. What is the highest common factor of j and 29?
29
Let g(r) = -7*r + 13. Let s be g(7). Let x = -21 - s. Let o = 23 - x. Calculate the highest common divisor of 8 and o.
8
Let c(z) = -4*z + 15. Let t be c(3). Let l be 5*10/25*(t + -1). Suppose 2 = -2*f, 5*m = 2*m + l*f + 88. Calculate the highest common factor of 168 and m.
28
Suppose -421*x = -110*x - 11818. What is the greatest common factor of x and 1425?
19
Let n = -80 + 82. Suppose 4*z - 3*d = 287, -2*z + 5*d + 297 = n*z. What is the greatest common factor of 4 and z?
4
Suppose 2*m = 4, i - 404 = -i + 2*m. What is the greatest common divisor of i and 17?
17
Let q be -3 + (-1)/1 - -14. Let j = -1549 + 1559. Calculate the highest common factor of j and q.
10
Let d be (392/(-24))/(2/3 + -1). Suppose -4*x = b - 363, -4*x - 773 = -4*b + 579. What is the greatest common factor of d and b?
49
Let i(h) = h**2 + 8*h + 14. Suppose -31 = 3*s - 16. Let w be i(s). Let n be w - -2 - (-2 - -2). Calculate the highest common factor of 17 and n.
1
Let l = -53 - -59. Let p be (-18)/(-4) + l/12. Suppose -m + p*x + 835 = 2*m, m - 277 = 3*x. Calculate the greatest common divisor of 35 and m.
35
Let x(d) = 265*d**2 - 89*d - 48. Let u be x(-11). Calculate the highest common divisor of u and 146.
146
Suppose 24*w - 20*w - 635 = 5*k, k - 1 = 0. Calculate the greatest common factor of 1760 and w.
160
Suppose 8 = -5*s + 143. Let g be 38827/287 - 1/(14/4). What is the greatest common factor of s and g?
27
Let d = 457 + 89. Let h be 2/(-3)*((-13689)/26)/9. What is the greatest common factor of h and d?
39
Let n be -14 + ((-5)/15)/(1/(-12)). Let q be (5 - 875/n) + (-20)/8. What is the highest common factor of 144 and q?
18
Let n(t) = 2*t**2 + 37*t - 396. Let m be n(9). Let b = 62 - 35. Suppose -r + 4*r = b. Calculate the highest common factor of r and m.
9
Let f(x) = -16*x**2 - 294*x + 9. Let p be f(-18). Calculate the greatest common divisor of p and 169.
13
Let h(r) = -3*r**3 - 4*r**2 - 41*r - 108. Let n be h(-3). What is the greatest common divisor of n and 1095?
15
Let d be (10/40*108)/(3/4). Let w = -40 + 184. What is the greatest common divisor of w and d?
36
Let f be ((-210)/1365)/(2/(-884)). Let q be (-3)/((-9)/1938 + 0). Calculate the highest common factor of q and f.
34
Suppose -5*j - 15 = 0, 0 = 3*r + 3*j - j - 15. Suppose 10*f - 7*f = -2*z + r, 5*f + 15 = 0. Calculate the highest common factor of 72 and z.
8
Suppose 2 = 2*v - 6. Suppose 5*w + 218 = f, 4*f = -0*w - w + 830. Suppose f*u = 206*u + 128. Calculate the greatest common divisor of v and u.
4
Let z(o) = -o**2 - 40*o - 217. Let a be z(-7). Let g be 1 - (123/6)/((-2)/4). Calculate the greatest common divisor of g and a.
14
Let v = -402 + 116. Let x be (-26)/v + (-756)/(-33). Calculate the greatest common factor of x and 391.
23
Suppose 0 = 79*z + 3170 - 18022. What is the greatest common factor of z and 658?
94
Let l be 104/(-48) + 2/12. Let c be 3*l/39 - (-10920)/676. Calculate the greatest common factor of 1 and c.
1
Suppose -12*w - 2*w + 28 = 0. Suppose -5*h = w*c - 606, 4*h + c = 2*c + 477. Calculate the greatest common factor of h and 30.
30
Let i = 1548 + -1496. Calculate the greatest common divisor of i and 84.
4
Let u(q) = -q**2 + 16*q - 22. Suppose 3*y = 7*y - 60. Let r be u(y). Let b be 2*(1 - r)*2. What is the greatest common divisor of b and 80?
16
Suppose 57936 = 32*r + 16*r. Suppose -5*d - r = -22*d. What is the highest common factor of d and 1?
1
Suppose 45719 = -45*q + 125016 + 73793. Calculate the greatest common divisor of 84 and q.
42
Suppose -12*b + 171 = -213. Suppose -622*u = -621*u - b. Calculate the greatest common factor of 32 and u.
32
Suppose 2*v - 1648 = 4*d - 612, v - 506 = 4*d. Calculate the greatest common divisor of 954 and v.
106
Let m = 725 + -492. Let v = m - 89. Suppose 0 = 3*j - 57 - 87. Calculate the highest common divisor of j and v.
48
Let i be 1*(98 + 0)*2. Let d be 6*(-2 + -3 + 0 + 6). Suppose -8*y = -d*y - 56. What is the greatest common factor of i and y?
28
Let y be 2964/(-15) - -1 - 2/5. Let q = y + 200. Calculate the highest common factor of q and 27.
3
Let b(r) = -3*r**2 + 3*r + 14. Let s be b(-9). Let o = s + 388. Calculate the highest common divisor of 48 and o.
12
Let z be (-125)/(-1) - (0/(-1) + -3). Let s = 154 + z. Suppose 4*c + s - 1002 = 0. What is the greatest common factor of c and 20?
20
Let o = -130 - -141. Let v be 853/o + 60/(-110). What is the highest common factor of v and 22?
11
Let n be 384 - -1*(2 + 1 + -3). Let i = -3369 - -3657. Calculate the greatest common factor of n and i.
96
Let p = 168 + -153. Let k be (-3 - -6) + p + 1. Calculate the highest common divisor of 95 and k.
19
Suppose 59*f = 1325 + 150. What is the greatest common divisor of 7950 and f?
25
Suppose -2 = -i + 43. Suppose -5*m - i - 43 = -y, -y + 109 = 2*m. Suppose -3*b + y + 66 = -j, 55 = b + j. What is the highest common divisor of 28 and b?
28
Let s(z) = 246*z - 221. Let u be s(1). Calculate the greatest common divisor of u and 280.
5
Let n(h) = h**2 - h + 582. Let g be n(0). Suppose 2*a - g = -2*c - 114, 5*c - 4*a - 1161 = 0. Let i = -103 + c. What is the high